71761328?
False
Does 531 divide 72661045?
False
Is 3662901 a multiple of 82?
False
Is 2081 a factor of 270363520?
True
Is 2463062536 a multiple of 88?
True
Does 7 divide 1501934868?
True
Is 48997516 a multiple of 13?
False
Does 548 divide 22434740?
False
Is 38008901 a multiple of 1252?
False
Is 1687500324 a multiple of 108?
True
Does 5559 divide 190791462?
False
Is 277654635 a multiple of 8?
False
Is 10 a factor of 95839197?
False
Is 370721750 a multiple of 180?
False
Does 1415 divide 226718206?
False
Is 26 a factor of 5114122?
True
Is 6742416 a multiple of 76?
True
Is 2096104168 a multiple of 19?
True
Does 7159 divide 4399606404?
True
Is 171149954 a multiple of 24?
False
Is 5223061551 a multiple of 1117?
False
Does 345 divide 1326259005?
True
Does 345 divide 907110431?
False
Does 3 divide 140747278?
False
Is 11163877 a multiple of 2693?
False
Is 355101192 a multiple of 36?
True
Does 29 divide 3007431820?
False
Is 159 a factor of 227128749?
False
Does 337 divide 155193892?
True
Does 1258 divide 18822196?
True
Does 323 divide 5134731?
True
Is 580657062 a multiple of 771?
True
Is 10 a factor of 55766140?
True
Is 17724252 a multiple of 39?
True
Is 96259580 a multiple of 103?
False
Does 11 divide 45360036?
False
Is 1803832 a multiple of 2?
True
Is 14657076 a multiple of 126?
True
Is 571 a factor of 7799860?
True
Is 325246680 a multiple of 24?
True
Is 107 a factor of 78642050?
False
Does 313 divide 99987324?
False
Is 3908 a factor of 134622784?
True
Is 830710452 a multiple of 4?
True
Does 197 divide 119399927?
True
Does 10 divide 1589581190?
True
Is 13 a factor of 1078176783?
False
Is 668 a factor of 206007860?
True
Is 36886974 a multiple of 102?
True
Is 49 a factor of 13785415?
True
Does 2282 divide 51649490?
False
Is 86956965 a multiple of 1935?
True
Is 280 a factor of 80878840?
True
Is 440757240 a multiple of 330?
True
Is 253 a factor of 164142099?
True
Is 99192015 a multiple of 108?
False
Does 687 divide 15871074?
True
Is 1371267860 a multiple of 298?
True
Does 1259 divide 822541536?
False
Is 12 a factor of 26595204?
True
Does 45 divide 430950870?
True
Is 30815255 a multiple of 53?
False
Is 152872705 a multiple of 2619?
False
Is 1337027555 a multiple of 1407?
False
Is 7213168 a multiple of 17?
True
Is 1254991913 a multiple of 170?
False
Is 529812272 a multiple of 2390?
False
Does 165 divide 145026255?
True
Is 3261 a factor of 231100548?
True
Is 2769 a factor of 35886240?
True
Is 282 a factor of 19692624?
True
Is 470003998 a multiple of 8210?
False
Is 1742090485 a multiple of 42?
False
Is 28 a factor of 3926734768?
False
Does 4065 divide 4623449700?
True
Is 959615451 a multiple of 7?
False
Is 7579240 a multiple of 89?
True
Is 2345 a factor of 93864676?
False
Is 6 a factor of 631959881?
False
Is 2866386 a multiple of 13?
False
Is 1064284 a multiple of 422?
True
Is 9696689 a multiple of 2116?
False
Does 55 divide 22898315?
True
Is 5776736 a multiple of 224?
True
Does 10 divide 667436000?
True
Does 86 divide 638961940?
True
Is 43043429 a multiple of 1991?
True
Is 79 a factor of 35887209?
False
Is 451 a factor of 312643330?
False
Is 6 a factor of 25866210?
True
Is 110 a factor of 9587380?
True
Does 516 divide 359370520?
False
Does 561 divide 26541711?
False
Is 2403 a factor of 305322883?
False
Is 24 a factor of 25141216?
False
Is 278400663 a multiple of 151?
True
Is 374 a factor of 417690357?
False
Is 119733486 a multiple of 1157?
False
Is 1269 a factor of 30964908?
False
Is 1658299980 a multiple of 170?
False
Is 56624293 a multiple of 11?
True
Does 736 divide 34921728?
True
Does 1281 divide 30822369?
False
Is 14 a factor of 59758480?
False
Is 24141704 a multiple of 38?
True
Is 1736 a factor of 161667093?
False
Does 1061 divide 132077524?
True
Is 23 a factor of 1016291470?
False
Does 141 divide 395815762?
False
Is 490 a factor of 55912636?
False
Is 2516870 a multiple of 586?
True
Is 90 a factor of 301862672?
False
Is 412530992 a multiple of 688?
True
Is 32 a factor of 312530623?
False
Is 39 a factor of 49672714?
False
Is 11151 a factor of 2265024573?
True
Does 47 divide 8561841?
False
Does 27 divide 11689838?
False
Does 39 divide 24199691?
False
Is 179442757 a multiple of 2599?
True
Is 1554 a factor of 1005021528?
True
Is 22 a factor of 153926765?
False
Does 95 divide 3917299194?
False
Is 61218890 a multiple of 982?
False
Is 30165395 a multiple of 221?
True
Is 445 a factor of 96015425?
True
Is 277957570 a multiple of 34?
False
Does 2498 divide 1043501521?
False
Does 9544 divide 1173883368?
True
Is 43138602 a multiple of 52?
False
Is 6 a factor of 11418689?
False
Does 8016 divide 3762289336?
False
Is 175 a factor of 13738550?
True
Is 297522600 a multiple of 75?
True
Is 255148625 a multiple of 214?
False
Is 95 a factor of 5753542?
False
Is 123156105 a multiple of 1744?
False
Is 889 a factor of 12413083?
False
Is 3081364242 a multiple of 2558?
True
Is 342 a factor of 681578202?
False
Is 81839684 even?
True
Does 605 divide 12476915?
True
Is 7728831 a multiple of 297?
True
Is 201 a factor of 70354971?
False
Is 4272275104 a multiple of 7709?
False
Is 21 a factor of 2245499445?
True
Is 3530 a factor of 856394797?
False
Is 46434498 a multiple of 753?
True
Does 43 divide 27018147?
True
Is 934133654 a multiple of 278?
True
Is 201569810 even?
True
Is 663 a factor of 185873447?
False
Is 52304191 a multiple of 1994?
False
Does 95 divide 583240245?
True
Is 2650377360 a multiple of 1515?
True
Is 465387378 a multiple of 16?
False
Is 454 a factor of 96626417?
False
Is 567970 a multiple of 264?
False
Is 426732342 a multiple of 17?
False
Is 757 a factor of 4381650746?
True
Is 3 a factor of 36284636?
False
Is 219 a factor of 2251056324?
True
Is 3 a factor of 703029888?
True
Is 2073607 a multiple of 3?
False
Is 1671596661 a multiple of 7?
True
Does 501 divide 10475409?
True
Is 19317811 a multiple of 37?
True
Is 3851653464 a multiple of 12?
True
Does 1021 divide 14861374?
False
Does 1891 divide 4108613?
False
Is 4351 a factor of 2530058639?
True
Does 423 divide 84429416?
False
Is 230 a factor of 1090235182?
False
Does 183 divide 67331007?
True
Is 67 a factor of 200903364?
False
Is 9711 a factor of 624331457?
False
Is 563046588 a multiple of 1413?
True
Is 511 a factor of 67224011?
False
Is 277957440 a multiple of 5463?
True
Is 755 a factor of 57084040?
True
Does 29 divide 322400250?
True
Is 118031236 a multiple of 305?
False
Does 3 divide 1622035?
False
Is 3047 a factor of 36158749?
True
Is 4440 a factor of 206633160?
True
Is 6440040 a multiple of 1068?
True
Is 9 a factor of 11080701?
True
Does 124 divide 54547543?
False
Is 89 a factor of 494598454?
True
Does 8 divide 849208205?
False
Is 2363 a factor of 68231625?
True
Does 87 divide 17145177?
True
Does 16 divide 1113856832?
True
Does 65 divide 362921663?
False
Does 3 divide 199824?
True
Does 75 divide 12758325?
True
Is 5567429 a multiple of 14?
False
Does 51 divide 1212321?
True
Does 12 divide 573935546?
False
Does 119 divide 54334924?
True
Does 317 divide 6855649318?
True
Is 196 a factor of 420471880?
False
Does 106 divide 43560594?
True
Is 51097072 a multiple of 788?
True
Is 16 a factor of 58669086?
False
Is 263031714 a multiple of 18?
True
Is 340904656 a multiple of 36?
False
Does 90 divide 66093660?
True
Is 53994084 a multiple of 5442?
False
Is 208001224 a multiple of 3379?
False
Does 338 divide 13860028?
True
Is 32878541 a multiple of 13?
False
Does 7 divide 45931648?
True
Is 702 a factor of 759813550?
False
Is 33066087 a multiple of 861?
False
Does 13266 divide 3058879129?
False
Is 66 a factor of 2375472?
True
Is 5217189 a multiple of 2?
False
Does 339 divide 1355456366?
False
Does 925 divide 30574025?
True
Does 3663 divide 285230374?
False
Is 221231360 a multiple of 502?
False
Is 643 a factor of 149759201?
True
Does 10 divide 158292803?
False
Is 151167380 a multiple of 4086?
False
Is 443278368 a multiple of 3606?
True
Is 18073996 a multiple of 139?
False
Is 69 a factor of 33488224?
False
Does 304 divide 233821904?
True
Does 236 divide 2144268856?
False
Does 333 divide 50812803?
True
Is 25593450 a multiple of 50?
True
Is 2352840 a multiple of 3?
True
Is 2692260 a multiple of 10?
True
Does 499 divide 420631843?
False
Is 115 a factor of 1654326635?
True
Is 54906399 a multiple of 129?
True
Does 935 divide 3890254